
Suppose l - s + 11 = 77, -2*s = 4*l - 258. What is the remainder when l is divided by 35?
30
Let y(o) = -28*o - 64. Calculate the remainder when 277 is divided by y(-3).
17
Let y(s) = s**3 - 3*s**2 - 2*s. Suppose 35*a = 47*a - 528. Calculate the remainder when a is divided by y(4).
4
Let u(s) = 2*s**3 - 2*s**2 - s + 4. Suppose -2*c - 3*g = 11, c + 26 - 3 = -5*g. Calculate the remainder when (-1)/(-1 + (-36)/(-38)) is divided by u(c).
9
Let z be 15/6*((-3)/15 - -1). Suppose -106 = -2*f + 4*m, -z*f + 3*m - 2*m = -100. What is the remainder when 145 is divided by f?
47
Let t = -73 + 25. What is the remainder when 61 is divided by 1/2 + (-1464)/t?
30
Let c be ((-12)/8 - -2)*156. Let n = c - 59. Calculate the remainder when 131 is divided by n.
17
Let y = 15 + -5. Suppose 3 = -4*q - 1. Calculate the remainder when y is divided by (3/((-6)/8))/q.
2
Let s(i) = 36*i - 228. Calculate the remainder when 164 is divided by s(8).
44
Suppose 102 = 4*r + 3*o, 0*o - o = 2*r - 52. What is the remainder when r is divided by 15?
12
Let x(q) = 4*q**2 - q + 3. Let b(o) = o**2 + o. Let j(k) = -3*b(k) + x(k). Let i be j(5). Suppose 2*p = 36 + i. Calculate the remainder when 65 is divided by p.
21
Let r = 11 - 5. Let f = r - -1. What is the remainder when (-36)/f*(-42)/6 is divided by 13?
10
Let z be 42/(2*1)*(-34 + 35). Let y = -30 + 108. Calculate the remainder when y is divided by 1*z + (-6 - -7) + -2.
18
Let a = -98 + 105. What is the remainder when 39 is divided by a?
4
Suppose -4*h + 16 = -2*w - 52, -67 = -5*h - 2*w. What is the remainder when h is divided by 3 + -2*2/(-2)?
0
Suppose 4*d = -5*h - 0*d + 582, 0 = -2*h + 2*d + 222. Suppose -5*y - 130 = -855. Suppose -5*x + 10*x = y. Calculate the remainder when h is divided by x.
27
Suppose 3*y + b = -0*y + 47, b + 1 = 0. What is the remainder when ((-116)/8)/((-21)/42) is divided by y?
13
Let x = 20038 + -20019. Suppose 0 = -3*j + 3 + 216. Calculate the remainder when j is divided by x.
16
Let c(p) = -p**3 - 19*p**2 - 21. Let s be c(-19). Suppose g = -g + 68. Let z = g + s. What is the remainder when 35 is divided by z?
9
Let m(f) = -f**2 + 7*f + 1. Let z be m(8). Let n(q) = 18*q + 83. What is the remainder when 4/14 - 796/z is divided by n(-3)?
27
Let l(z) = 2*z - 1. Let k(a) = a**2 + 10*a - 3. Let j(q) = -k(q) + 3*l(q). Suppose 4*w + 6 = 2*w. What is the remainder when j(w) is divided by 2?
1
Suppose x - 7*b + 2*b = 15, -5*x + 35 = -5*b. Let n(l) = l + 10. What is the remainder when 29 is divided by n(x)?
14
Let n(q) = -q**3 - 7*q**2 + 3*q - 28. What is the remainder when n(-9) is divided by 40?
27
Suppose -13*o + 355 + 100 = 0. Let h(z) = z**3 + 6*z**2 - 3*z + 2. Calculate the remainder when o is divided by h(-6).
15
Suppose -24*a + 773 = -1435. Calculate the remainder when 362 is divided by a.
86
Let t = 152 - 106. Let h = -140 + 235. Suppose 0 = -5*y - 35 + h. What is the remainder when t is divided by y?
10
Let h = 102 - 73. Suppose 17 + 4 = -3*w. Let o(t) = t**3 + 10*t**2 + 15*t + 15. What is the remainder when o(w) is divided by h?
28
Suppose 4*f = -4*q - 20, -3*f + 6*f - 5*q = -7. Let t(c) = c**3 + 5*c**2 - 1. Calculate the remainder when 56 is divided by t(f).
11
Let g(i) = 14*i**2 + 5*i + 1. Let u be g(-4). Suppose 4*x - u = -x. Suppose a + 12 - x = 0. What is the remainder when a is divided by 16?
13
What is the remainder when 30 is divided by -3*10/15 - -7?
0
Calculate the remainder when 147 is divided by 44 - -6 - (3 - (4 + 0)).
45
Suppose 2*n = -2*y, -y + 4*n = y. Suppose -4*l + 4*k = -372, l + y*l - 4*k - 87 = 0. What is the remainder when l is divided by 24?
23
Let a(f) = f - 12. Let z be a(15). Suppose 0*w + 2*k = z*w - 24, 0 = 4*k + 12. What is the remainder when -6*((-3)/(-6) + -2) is divided by w?
3
Let v(f) = -8*f**2 - 5*f - 1 + f**2 + 4*f. Let z be v(-1). Let q = 8 - z. Calculate the remainder when q is divided by 9.
6
Suppose 1748 = 53*n - 30*n. What is the remainder when 175 is divided by n?
23
Let w = -43 - -68. Suppose -6*v + 0*v = -132. Let s = 69 - v. Calculate the remainder when s is divided by w.
22
What is the remainder when 6/21 + 529350/210 is divided by 87?
85
Let w(r) = -7*r - 373. What is the remainder when 174 is divided by w(-59)?
14
Suppose 4*p - 152 = -j + 4*j, -2*p = 5*j - 102. Let f(n) = -n**2 + 7*n + 5. What is the remainder when p is divided by f(6)?
8
Let q = -109 - -168. Let t = -822 - -853. Calculate the remainder when q is divided by t.
28
Let s be 5/(-15)*(-122 - 1). Let g = 1 + s. Let p(n) = 2*n + 23. Calculate the remainder when g is divided by p(-7).
6
Suppose 6*y - 25 = y. Let f(r) = -4*r + 5*r + 5 + 5. Calculate the remainder when y is divided by f(-8).
1
Let f = 7 + -16. Let w be -34*(f/3 - -2). Suppose d - w = -d. What is the remainder when 32 is divided by d?
15
Suppose 4*z = -2*n - 2, -8 + 1 = -z + 2*n. Suppose -10 = -5*x, 2*m + 0*x = x + 8. Let g = m + -3. Calculate the remainder when g is divided by z.
0
Let t(k) be the third derivative of -73*k**6/120 + k**5/60 + k**4/8 + k**3/3 + 14*k**2. What is the remainder when t(-1) is divided by 15?
13
Let c(a) = -a - 1. Let z be c(-3). Suppose 0 = n + 5*t - 15, 3*n - z*t + 5*t = 9. Calculate the remainder when 1 - n - 297/(-11) is divided by 8.
4
Suppose -t - 2*t = -75. Let k = 389 + -95. Suppose -4*x + 2*p = -k, 4*p + 219 = 3*x + p. Calculate the remainder when x is divided by t.
24
Let v(g) = g**2 + g + 3. What is the remainder when 257 is divided by v(-3)?
5
Suppose 4*z - 11 = d, -d - 7 = -4. Suppose 0 = z*u - 5 + 3. Suppose -k + u + 2 = 0. Calculate the remainder when 10 is divided by k.
1
Suppose -3*a + 107 = -16. Suppose -i + 3*i = -3*f + 65, 2*f - a = i. What is the remainder when 2982/48 + (-3)/24 is divided by f?
20
Let p(h) = 75*h - 79. Calculate the remainder when p(3) is divided by 52.
42
What is the remainder when (-2)/4 - (-450)/20 is divided by (24/(-10))/((-8)/20)?
4
Let w(i) = -14*i - 78. Suppose 3*t + 7 = -4*s, -t - 1 = 2*t - 2*s. What is the remainder when w(-8) is divided by t/((-69)/(-36) + -2)?
10
Let b = 12 + -9. Suppose b*f + 464 = 5*f. Suppose 3*i - f = -i. Calculate the remainder when i is divided by 20.
18
Suppose 5*u - 15*u + 1710 = 0. Calculate the remainder when u is divided by 16.
11
Let r = 16 + 3. Let l = -19 + r. Suppose 0*p + p - 62 = l. What is the remainder when p is divided by 21?
20
Let o be (5 + -6 + 40)*2/6. Suppose o*x - 75 = 10*x. Calculate the remainder when 96 is divided by x.
21
Calculate the remainder when (1 + 47)/(14/147*7) is divided by 14.
2
Let i(o) = 9*o**2 + o + 1. Let m(v) = -5*v - 27. Let q be m(-6). What is the remainder when i(q) is divided by 22?
19
Suppose -25*h = -35*h + 550. Calculate the remainder when 219 is divided by h.
54
Let b = 25 - 20. Suppose b*v = -q + 6, -4*q - 21 + 120 = -5*v. What is the remainder when 81 is divided by q?
18
Let v = 23 - 1. Suppose 5*u + d + 219 = 10*u, 0 = 2*u + d - 82. What is the remainder when u is divided by v?
21
Let s = 185 + -183. What is the remainder when (2 - (-20)/(-8))*-12 is divided by s?
0
Let p(g) = 23*g**2 + 918*g - 16. Let s = 41 + -24. Calculate the remainder when p(-40) is divided by s.
13
Let x = -21 + 39. Let c = x + -11. Calculate the remainder when c is divided by 5.
2
Suppose -33*d - 2*k = -37*d + 1052, 5*k = 2*d - 534. Calculate the remainder when d is divided by 8.
6
Suppose 3*d + 5*s = 82, -2*d - 2*d = -2*s - 118. Let u = -10 + d. Calculate the remainder when 57 is divided by u.
0
Let m = -38 + 36. Let h be m/(-7) - 96/(-56). What is the remainder when (-4690)/(-60) + h/(-12) is divided by 20?
18
Suppose -5*q + 2*q = 2*m - 34, 48 = 4*m - 4*q. Let f = 3 + m. What is the remainder when 49 is divided by f?
15
Let x = 523 - 465. Suppose -4*q + 38 = c + 2*c, c - 16 = -3*q. Calculate the remainder when x is divided by c.
8
Suppose -11*c + 8*c = 6, 0 = 3*w - 5*c - 268. What is the remainder when 1460 is divided by w?
84
Let w = -953 + 965. Let o be (2/(-4))/((-1)/(-18)). Let c = o + w. What is the remainder when 15 is divided by c?
0
Calculate the remainder when 121 is divided by 18616/442 - (-4)/(-34).
37
Let q = -68 + 100. Let d = q - -8. What is the remainder when d is divided by 7?
5
Let n = -6 + 10. Suppose -2*f + 12 = -n. Suppose 6*w - 40 + 10 = 0. Calculate the remainder when f is divide